4 + x. Calculate the remainder when d is divided by 12.
11
Let z(p) = p**2 + 9*p + 8. Suppose -5*m = 5*l - 0*l + 5, 21 = -l + 3*m. Let o be z(l). Calculate the remainder when 9 is divided by o/((-2)/2 + -1).
4
Let s = 14 + 34. Calculate the remainder when s is divided by 26.
22
Suppose 2*g + 406 = 5*q + 4*g, 5*g = -5*q + 415. Calculate the remainder when q is divided by 15*((-129)/(-30) + -4)*6.
26
Let f = 31 - 11. What is the remainder when 77 is divided by f?
17
Let o = 120 + -96. Let l = 69 + -30. Calculate the remainder when o is divided by (0 - 4)*l/(-12).
11
Suppose -y + 411 = 2*y. What is the remainder when y is divided by 20?
17
Let f(h) = -h**3 - 11*h**2 - 14*h - 15. Let a be f(-10). Suppose -4*o + 35 = o - 3*r, 4*o - 3*r = a. Calculate the remainder when o is divided by 4.
2
Suppose 5*b - 17 = -2, -2*w + 2*b + 2 = 0. Let p be ((1/(-1))/(-1))/(-1). What is the remainder when 11/(-4)*(p - 3) is divided by w?
3
Let i(d) = 5*d**3 + 5*d**2 - 4*d - 1. Calculate the remainder when i(2) is divided by 20.
11
Suppose -5*j + 171 - 46 = 0. Suppose -3*h + 85 = 3*n + j, 5*n - 140 = 5*h. What is the remainder when n is divided by 13?
11
Let f = 85 + -79. Calculate the remainder when f is divided by 6.
0
Let w(g) = -g**2 + 5*g + 8. Let i be w(6). Let m(y) = -y + 2*y + y**i - 5*y + 2. What is the remainder when 40 is divided by m(6)?
12
Let v be -1 + (13 - -2) - 3. Let i = 4 + v. Let z(g) = -11*g - 1. What is the remainder when z(-4) is divided by i?
13
Suppose 4*i - 58 = 22. Suppose 15*r = 97 + 68. Calculate the remainder when i is divided by r.
9
Let o(l) = 2 - 8 + 2 + 3 + l + 72*l**2. Calculate the remainder when o(1) is divided by 19.
15
Let g = -5 - -9. Let v(y) = -5 + 2 + y**2 + 2*y**2 - 4*y. Calculate the remainder when v(g) is divided by 15.
14
Let g = 29 - 18. Suppose 5*b - 6*b + 50 = 0. Suppose 0 = -5*l - 3*h + b, 4*l - 33 = -3*h + 2*h. Calculate the remainder when g is divided by l.
4
Suppose -3*v = -7 - 8. Let j(s) = 3*s**2 + 5 - 2 + s - 5 + v*s**2. What is the remainder when j(2) is divided by 11?
10
Let n(x) = -x + 1. What is the remainder when n(-9) is divided by 7?
3
Let n(r) = r**3 + 3*r**2 - 4*r - 3. Let q(v) = v**3 + 4*v**2 - 5*v - 2. Let h be q(-5). Calculate the remainder when 16 is divided by n(h).
7
Suppose -42 + 0 = -3*b. What is the remainder when 29 is divided by b - (-3)/(3/1)?
14
Suppose -4*c + 126 = 3*c. What is the remainder when 66 is divided by c?
12
Suppose 0 = l + 2*l - 36. Suppose -4*c = 3*h - 11, -5*h + 77 - l = -5*c. Calculate the remainder when 16 is divided by h.
7
Suppose -33 + 86 = 2*u - 3*o, 0 = 2*u + 3*o - 47. Suppose 5*g - 25 = u. Calculate the remainder when 36 is divided by g.
6
Suppose 0*f + 2*f = 4. Suppose 0 = 4*s + 3*w - 16, -w = -s - f*w + 4. Suppose 8*d - s*d = 28. Calculate the remainder when d is divided by 3.
1
Suppose -p + 2*p - 55 = 0. Suppose 4*s = 1 + p. What is the remainder when (0 + 2)/((-2)/(-41)) is divided by s?
13
Suppose 0 = 4*d - 101 - 7. Calculate the remainder when d is divided by 4.
3
Let z(n) = -n**2 - 14*n - 16. Calculate the remainder when z(-11) is divided by 9.
8
Let o(a) = -a**3 + 13*a**2 + 13*a + 11. Let i be o(14). Let d = 9 + i. What is the remainder when 10 is divided by d?
4
Let o(q) = 0 - 1 + 2*q**2 - 2 + 2 - q. Let j be o(-1). Let v(h) = 9*h**2 - 2*h - 2. What is the remainder when v(j) is divided by 8?
6
Let h = 9 - 11. Let j(z) = -2*z - 15. Let q be j(-10). Calculate the remainder when 27 is divided by -4 + 1 - h*q.
6
Let d be (-16)/(-6)*(-9)/(-6). Suppose -d*l = 51 - 7. What is the remainder when 29 is divided by (-163)/l + (-8)/(-44)?
14
Let n = 263 - 159. Let b = n + -34. Calculate the remainder when b is divided by 24.
22
Let k(z) = 7*z**2 + z - 2. Let m be k(-3). Suppose -m = -6*j + 4*j. What is the remainder when j is divided by 1 - (-28)/(-6)*-3?
14
Let z(j) = j**3 - 28*j**2 + 27*j + 4. Calculate the remainder when 8 is divided by z(27).
0
Suppose -21 = 3*h - 6*h. Let v be (0 - (3 - 15)) + -2. What is the remainder when v/(3/((-18)/(-3))) is divided by h?
6
Let t = -99 - -70. Let o = t + 66. Calculate the remainder when o is divided by 10.
7
Let o = 2 + 3. What is the remainder when (-680)/(-100) - (-2)/10 is divided by o?
2
Let i(n) = -3*n**3 + 2*n + 1. Let q be (5 + -7)/(-1*2). Suppose 0 = -4*j - 3 - q. Calculate the remainder when 4 is divided by i(j).
0
Let a = -11 + 20. Let f(b) = b**3 - 8*b**2 - 8*b + 8. Calculate the remainder when 48 is divided by f(a).
14
Suppose -2*a + 378 = -4*l, -2*l - 4*a - 114 = 90. What is the remainder when (l/14)/((-2)/14) is divided by 17?
14
Let i = 48 + -30. What is the remainder when (-2)/(-8) - (-417)/12 is divided by i?
17
What is the remainder when 35 is divided by 18/4 + 2/(-4)?
3
Suppose 5*d - 4*n = 14, -3*d - 5*n + 44 = d. What is the remainder when -12*d/(-9) + 2 is divided by 3?
1
Let r(u) = u**2 - 6*u + 4. Let f be r(7). Suppose 2*s + a - 8 - f = 0, -a = -s + 8. Let d = 28 + -11. Calculate the remainder when d is divided by s.
8
Suppose 0 = 3*g + 9 + 6. Let l be (8 + g)*(-4)/(-3). What is the remainder when -4*(-19)/l*1 is divided by 11?
8
Suppose -2*z + 90 = 8. Calculate the remainder when z is divided by 14.
13
Let i(x) = 3*x**2 - 9*x + 7. Calculate the remainder when 11 is divided by i(3).
4
Let c(z) = z**3 + 7*z**2 + 5*z - 4. Let g be c(-6). What is the remainder when g*(-2 - -1) - -75 is divided by 15?
13
What is the remainder when (-1 + 1 - -101) + -2 + 1 is divided by 35?
30
Suppose c = -4*c - 45. Let y = c - -23. Calculate the remainder when 41 is divided by y.
13
Let y = 13 + -2. Let t = 21 - y. Calculate the remainder when 19 is divided by t.
9
Let l(p) = 7*p + 1. Let j be l(1). Suppose -4*r - 3*v = -0 - j, 11 = 3*r + v. What is the remainder when 9 is divided by r?
4
Let i = 35 - 20. Let c(v) = 4*v**2 - 3*v - 2. Suppose -4*w - w - 5*l = 0, -l + 15 = -4*w. What is the remainder when c(w) is divided by i?
13
Let v = 5 + -9. Let c(o) = -20*o - 3. Let n be c(v). Let d = n + -40. What is the remainder when d is divided by 19?
18
Let n = 46 + -18. What is the remainder when n is divided by 9?
1
Let h be ((-2)/6)/((-1)/6). Suppose -5*l + h*p + 86 + 20 = 0, -p - 103 = -5*l. What is the remainder when l is divided by 11?
9
Let h(p) be the second derivative of -p**4/12 + 7*p**3/6 + 7*p**2/2 + 4*p. Calculate the remainder when h(7) is divided by 2.
1
Let k(p) = -p**3 - 10*p**2 - 22*p - 20. Calculate the remainder when 138 is divided by k(-8).
26
Suppose -10*g = 2*g - 240. Calculate the remainder when 56 is divided by g.
16
Suppose 25*m - 46 = 23*m. What is the remainder when m is divided by 8?
7
Suppose k + i + 19 = 5*k, 0 = 2*k - 3*i + 3. Let s(a) = -17*a**3 - a**2 + 1. What is the remainder when s(-1) is divided by k?
5
Let k(t) = 7*t**2 - t + 20. What is the remainder when k(5) is divided by 24?
22
Suppose o + i = 158, 14 = 5*i - 11. Calculate the remainder when o is divided by 26.
23
Suppose 4*j = 3 + 65. Let l = 2 + 5. Calculate the remainder when 2/7 - (-222)/l is divided by j.
15
Suppose -3*n + 56 = 20. Suppose -s = -p - 36 - 6, 0 = -5*s - 3*p + 250. What is the remainder when s is divided by n?
11
Let r = 8 + -4. Let c = -2 - -2. Let x = r + c. Calculate the remainder when 6 is divided by x.
2
Let m = 127 + -117. Calculate the remainder when 29 is divided by m.
9
Let u(t) = t**2 - t + 54. What is the remainder when u(0) is divided by 12?
6
What is the remainder when 51 is divided by 9 - 0*(-2)/4?
6
What is the remainder when 21 is divided by 48/(-10)*(-5)/2?
9
Suppose 3*x - x - 6 = 0. Suppose 0 = -p + x + 14. Suppose 6 = -3*u, -b + p + 1 = u. What is the remainder when b is divided by 11?
9
Suppose 9*d = -263 + 776. What is the remainder when d is divided by 22?
13
Let u(q) = 2*q**2 + 7*q - 3. What is the remainder when u(-6) is divided by 14?
13
Suppose 0 = 3*v + 3*i - 8*i - 19, 3*v - 2*i - 22 = 0. What is the remainder when v is divided by 1?
0
Suppose -g - 4*q = 21, 4*q + 22 + 17 = -3*g. Let t = g - -18. What is the remainder when 15 is divided by t?
6
Let l = -53 + 65. Calculate the remainder when 67/3 - (-4)/6 is divided by l.
11
Let t(b) = -4 + 2*b**2 + 5 + 2*b**2 - 2*b. Let c(a) = -a**3 + 9*a**2 - 14*a + 25. Calculate the remainder when c(7) is divided by t(2).
12
Let n = 7 - 5. Suppose 0 = 2*